10). Suppose n - 20 = -t. What is the units digit of n?
9
Suppose 5*c = 4*b - 15, c = 2*c + 3. Suppose b*o - 3*o + 42 = 0. What is the tens digit of o?
1
Let a = -1 - -9. Let b be (-2)/(-8) + 6/a. What is the units digit of (-9)/(-4)*(b + 3)?
9
Let n be 36 - (-1*6)/(-2). What is the units digit of (-2)/(-4) + n/6?
6
Let z(g) = -7*g**2 - 2*g - 4. Let n(w) = -w**2 - w - 1. Let i(d) = 6*n(d) - z(d). What is the units digit of i(5)?
3
Suppose -5*q + 749 - 49 = 0. What is the hundreds digit of q?
1
Suppose 8 = -3*r - r. Let c be (r - (-14)/6)*3. What is the units digit of (13 - -1)/(0 + c)?
4
Let x = -103 + 424. What is the hundreds digit of x?
3
Let b = 13 - 14. Let d(i) = -28*i + 10. Let w(p) = 9*p - 3. Let s(r) = -2*d(r) - 7*w(r). What is the units digit of s(b)?
8
Let g(w) = w**2 + 43. Let m be g(0). Let t = m + -27. What is the units digit of t?
6
Let v be 36 + (-2)/(-3 + 1). Suppose 4*g - v = s, -g = -4*g - 4*s + 23. What is the units digit of g?
9
Let y(v) = v - 1. Suppose u + 5 = 4*m, -4*u - 4*m + 4 + 16 = 0. Let s be y(u). Suppose -40 = s*d - 7*d. What is the units digit of d?
8
Let v(u) = -u**2 - 5*u - 3. Suppose -5*o = 12 - 2. What is the units digit of v(o)?
3
Let x(c) = c + 7. Let o be x(0). Let d(j) = 5*j - 2*j - 2*j + 0*j + o. What is the units digit of d(0)?
7
Let w be 4/(-16) - (-37)/4. Suppose -w = -4*u + 7. What is the units digit of u?
4
Suppose 28 = 7*b - 3*b. Let n = -11 + b. Let g(f) = -f**2 - 5*f + 3. What is the units digit of g(n)?
7
What is the units digit of -2*33/(-2)*1?
3
Suppose 0*h = 3*h + 3*n - 24, 0 = -3*h + 2*n + 9. Suppose 0 = 5*l - 0*l, -a + h*l - 1 = 0. What is the tens digit of a/(-3 - (-64)/22)?
1
Let c(w) = w - 3. Let z be c(11). Suppose -5*g - u = -86, z*u + 15 = g + 6*u. What is the units digit of g?
7
Let k(s) = -s**3 - 5*s**2 - 3*s - 7. Let r be k(-5). Let w = -5 + r. What is the units digit of w?
3
Let w(u) = -u**3 + 14*u**2 - 12*u - 11. Let c be w(13). Suppose 0*s = c*s - 5*l - 50, 0 = 2*l + 8. What is the units digit of s?
5
Let s = -55 + 93. Suppose -s - 7 = -5*m. Suppose h + 2*h = m. What is the units digit of h?
3
Let p(l) be the second derivative of l**3/6 + 3*l**2/2 + 8*l. What is the units digit of p(0)?
3
Let m = 21 - 19. Let d(g) = -10*g - 1. Let u(t) = t. Let j(z) = -d(z) - 4*u(z). What is the units digit of j(m)?
3
Let j = -98 + 147. What is the units digit of j?
9
Suppose 4*s - 5 - 3 = 0. Suppose 2*h + 122 + 97 = 5*t, 0 = s*h - 4*t + 224. What is the units digit of (-1)/5 + h/(-10)?
2
Suppose -5*g = -3*i + 643, 10*g = -5*i + 5*g + 1125. What is the hundreds digit of i?
2
Suppose -3*k = -3*b + 108, 3*b - 3*k = 2*b + 34. What is the tens digit of b?
3
Let w(q) = q**2 - q - 25. What is the units digit of w(10)?
5
Suppose 50*a - 482 = 48*a. What is the hundreds digit of a?
2
Let k(w) = 2*w**2 - 2*w - 1. Let v be k(-1). Let b be (-4)/6 - 195/(-9). Suppose b = v*c - 12. What is the units digit of c?
1
Suppose 3*w + 0*p + 25 = 4*p, -3*w - 5*p = 16. Let j = w + 17. What is the units digit of j?
0
Let u = -18 + 30. Suppose u = 3*a - 39. What is the tens digit of a?
1
Let k(i) = i**2 + 7*i. Let a be k(-7). Suppose a*n + n - z = 1, 0 = -3*n + 2*z + 6. What is the units digit of n?
4
Let m(g) = g**3 + 11*g**2 + 7*g - 6. Let w be m(-10). What is the units digit of 50/(-15)*w/(-2)?
0
Suppose -l + 4*l - 2*q = 22, -3*q = 15. Suppose -5*g + 8 = -2*m, -2*m = -3*g + 4*g - l. What is the units digit of (3/m)/(6/32)?
6
Suppose -4*f - 2*u + 40 = 0, 4*f + 3*u - 20 = 20. Suppose 0 = -v + 6*v - f. What is the units digit of v?
2
Let i(l) = -3*l - 6. What is the tens digit of i(-11)?
2
Let g(h) = 2*h**3 + h**2 - 5*h + 5. What is the units digit of g(2)?
5
Suppose 5*y = -j + 36, 4*y + 68 = 5*j + y. Let d = j + -10. What is the units digit of d?
6
What is the units digit of (2/4)/((-6)/(-2148)) - 3?
6
Let r be (-4)/6*(-150)/20. Suppose -w = m + w - 56, 0 = -2*w - 2. Suppose -r*q - 8 = -m. What is the units digit of q?
0
Let u = 14 - 12. Suppose 0 = u*q - 6 - 24. What is the tens digit of q?
1
Let j(f) = -f + 5. Let z be j(0). Suppose 0 = -b - y - 2, z*y + 7 + 21 = 4*b. What is the units digit of b - (2*-1 - 1)?
5
Let n be 1/(-3)*-3 + 1. Let t = n - -1. Suppose -4*k = 4*r + 4, 0 = -5*k + t*r - 2*r + 19. What is the units digit of k?
3
Let i be (-6)/(-9)*3 + 0. Suppose f - 1 = -i. Let z = 5 - f. What is the units digit of z?
6
Let h = -8 - -1. Let f = 3 - h. What is the units digit of (-3)/(-2)*1*f?
5
Let d be (1 - 4)/((-6)/84). Let s(g) = g**3 + 5*g**2 + 4*g + 3. Let w be s(-4). Suppose -4*x + 22 = 3*r - w*x, d = 4*r - 5*x. What is the units digit of r?
8
Let g(w) = -w**3 - w**2 + 38. What is the units digit of g(0)?
8
Let n(f) = 56*f + 1. What is the hundreds digit of n(2)?
1
Let d be (-23)/(-5) + 2/5. Suppose b + 1 + 3 = l, -d*b = -l + 12. Suppose -l*g + 74 = 4*v, -2 = -5*g + 3. What is the units digit of v?
8
What is the tens digit of ((-22)/20 + (-4)/10)*-194?
9
Let s(q) = 3*q**3 - 6*q**2 - 4*q + 2. Let t(g) = 5 + 7*g**3 - 7*g - 13*g**2 + g - 2*g. Let u(x) = 5*s(x) - 2*t(x). What is the units digit of u(5)?
5
Let h(d) = -d**3 - 29*d**2 - 35*d - 37. What is the units digit of h(-28)?
9
Let x = 65 - 38. What is the tens digit of x?
2
Suppose y + u - 12 = 2*u, -2*u = -3*y + 37. Let d = 41 - y. What is the tens digit of d?
2
Let m(i) = -i**2 - 2*i - 3. Let j be m(-5). Let a be 2/(-9) + (-202)/j. Suppose 0 = -0*c - 3*c - 5*h + 14, h + a = 4*c. What is the units digit of c?
3
Suppose -145 = -3*h + w, -3*h = 5*w + 53 - 174. What is the units digit of h?
7
Suppose 2*b - 70 = -0. What is the units digit of b?
5
Suppose 4*l = 36 + 28. Suppose -l = -c + 6. What is the tens digit of c?
2
Suppose 0*z - 2*z = -18. Let c = z - 3. What is the units digit of c?
6
Suppose -2 = -2*k + f, -2*k = k + f - 3. What is the units digit of (3 + 0/(-3))/k?
3
Let j(t) = -t**2 - 6*t + 9. Let k be j(-7). Suppose 1 = -3*u + k*u - 3*z, 21 = 3*u - 3*z. What is the units digit of u?
5
Let x = -3 + 11. Let s = x + 6. What is the units digit of s?
4
Let l = 40 + -30. What is the tens digit of l?
1
Let g be (-14)/(-4) + (-2)/(-4). Suppose -f = g*f. Let n(q) = -q + 2. What is the units digit of n(f)?
2
Suppose -2*d = -2*u - 2, -3*d + 16 + 1 = 4*u. Let c(z) = -6*z - 9. Let s be c(-7). Suppose u*f - s + 3 = 0. What is the tens digit of f?
1
Let l(t) = -8*t + 9. Let m(x) = 12*x - 14. Let w(c) = 7*l(c) + 5*m(c). Let n be w(6). Let f = -12 + n. What is the units digit of f?
5
Let p be 192/5 - 6/15. Let f = 81 - p. Suppose s + 2*s - 35 = 4*a, -5*s = a - f. What is the units digit of s?
9
Suppose -6*k + 0*k + 744 = 0. What is the hundreds digit of k?
1
Suppose 0 = 2*d - d. Let h be 2 - (0 - (d + -12)). Let a = h + 16. What is the units digit of a?
6
What is the tens digit of (-2)/((-5)/6*1)*30?
7
Let t(s) = s**2 + 5*s + 8. Suppose -b - 4*b = -10. Suppose 3 - 15 = b*d. What is the tens digit of t(d)?
1
Let a = 52 - -11. What is the tens digit of a?
6
Suppose -4*g + g - 2*x = -6, 4*g = 3*x + 8. What is the units digit of g?
2
Let s = 8 - 55. Let t = -30 - s. What is the units digit of t?
7
Let n be 5/(-5) + (0 - -9). Let g(z) = -z + 4. Let o be g(2). Let x = n - o. What is the units digit of x?
6
What is the units digit of (10 - (3 - 0)) + 0?
7
Suppose -4*k + 68 = -2*k. What is the tens digit of k?
3
Let h(d) = d**3 - 5*d**2 + 6*d - 1. Let v be h(4). Let m(t) = -11*t**2 + t**3 + 11*t + 4*t**2 - 10*t. What is the units digit of m(v)?
7
Suppose a = -3 - 0. Let n be a + 3 + (2 - -2). Suppose d - 19 = n*s, 1 = d + s + s. What is the units digit of d?
7
Let m(d) = d**2 + d - 8. Let g be m(0). Let u be 4/g*(-7 + 1). Suppose u*k = 12 + 21. What is the units digit of k?
1
What is the hundreds digit of (1 + 1784/(-32))*(-16)/3?
2
Let b(p) = p**2 + 49. What is the units digit of b(0)?
9
Let j(p) = p**3 + 12*p**2 + 10*p - 2. What is the units digit of j(-11)?
9
Let j = -20 - -12. Let p = j + 26. What is the tens digit of p?
1
Let m = -4 + -6. Let i = m + 21. What is the units digit of i?
1
Suppose 0 = w - 8 - 22. What is the units digit of w?
0
Let o = -11 + 16. Suppose -l - l = -b - 1, 0 = o*l - b - 10. What is the units digit of l?
3
Let o be (-26)/8 - (-1)/4. Let t(j) = -7*j - 4. What is the units digit of t(o)?
7
Let b be 2/6 - (-238)/6. Let z(f) = f**2 - 8*f - 5.